5
What is the greatest common factor of 917 and 1352701?
7
Calculate the highest common factor of 13772061 and 45.
9
Calculate the greatest common factor of 428 and 10560365.
107
What is the highest common divisor of 125 and 1363600?
25
What is the greatest common divisor of 15 and 165574335?
15
What is the greatest common divisor of 25092 and 1066?
82
What is the highest common divisor of 740133 and 45?
9
Calculate the greatest common factor of 1397412 and 901644.
2724
What is the highest common divisor of 48321 and 194526540?
6903
Calculate the greatest common divisor of 23122 and 372328.
22
What is the greatest common divisor of 747391688 and 21864?
7288
What is the greatest common factor of 38937 and 909?
3
Calculate the highest common factor of 34408 and 753715842.
8602
Calculate the highest common divisor of 1284399 and 2151.
9
Calculate the highest common divisor of 5913960 and 57120.
2040
What is the greatest common factor of 4446 and 6497946?
234
Calculate the highest common divisor of 5646478 and 2658.
886
Calculate the highest common divisor of 101645 and 215905.
145
Calculate the greatest common factor of 1141748940 and 668.
668
Calculate the greatest common factor of 36023340 and 1360.
340
Calculate the highest common factor of 23520568 and 1240.
248
What is the highest common divisor of 11405350 and 11000?
550
Calculate the highest common divisor of 81992 and 5222920.
296
Calculate the greatest common divisor of 312825 and 78475.
1075
Calculate the highest common divisor of 77584780 and 4935.
1645
What is the highest common factor of 5117 and 5556586?
119
Calculate the greatest common factor of 415 and 11056430.
415
Calculate the greatest common divisor of 13560 and 1460856.
24
What is the greatest common factor of 119181694 and 514?
514
What is the highest common factor of 10110 and 962135?
1685
What is the greatest common factor of 143267955 and 1830?
915
Calculate the greatest common factor of 92 and 38540870.
46
What is the greatest common factor of 18515 and 627325?
115
Calculate the highest common factor of 233571 and 3.
3
What is the greatest common factor of 14 and 99864898?
14
What is the highest common divisor of 2321865 and 12740?
3185
Calculate the greatest common factor of 1518 and 316641.
69
What is the highest common factor of 10 and 57282056?
2
Calculate the highest common factor of 3781206 and 1188.
198
Calculate the greatest common factor of 5492637 and 171.
9
Calculate the highest common divisor of 4094 and 5711176.
46
Calculate the greatest common divisor of 189280 and 127036.
364
Calculate the greatest common divisor of 2007423 and 4257.
99
Calculate the greatest common divisor of 18902923 and 65.
13
What is the greatest common factor of 88557 and 276612?
21
What is the highest common factor of 43525550 and 1550?
1550
Calculate the greatest common factor of 75700357 and 227587.
6151
Calculate the highest common factor of 11158 and 10444.
14
What is the highest common divisor of 866 and 183404944?
866
What is the highest common divisor of 89094610 and 14630?
2090
What is the highest common factor of 130897 and 65?
13
What is the highest common factor of 181035410 and 19630?
1510
Calculate the highest common factor of 5586680 and 7480.
440
Calculate the highest common divisor of 2362 and 199326818.
2362
What is the highest common factor of 85924187 and 29?
29
Calculate the highest common factor of 47519423 and 1022.
511
Calculate the highest common factor of 20088 and 185652.
324
Calculate the highest common factor of 27354 and 352500.
282
Calculate the greatest common factor of 448 and 1820098.
14
What is the highest common factor of 160 and 20025095?
5
What is the highest common divisor of 9872724 and 648?
12
Calculate the greatest common divisor of 499510 and 3040.
190
What is the highest common factor of 1236 and 166206156?
1236
Calculate the greatest common divisor of 211452 and 652044.
804
Calculate the highest common divisor of 488 and 25715892.
244
Calculate the highest common factor of 25567560 and 68820.
1860
Calculate the greatest common factor of 1104 and 381156.
276
What is the highest common factor of 200871 and 57453?
33
What is the highest common factor of 26439776 and 1056?
352
Calculate the highest common divisor of 113068 and 202322896.
4916
Calculate the highest common factor of 9045 and 1360665.
135
What is the highest common divisor of 7926142 and 148862?
3038
What is the greatest common divisor of 14670 and 863235?
45
What is the greatest common factor of 2057 and 17680663?
187
Calculate the highest common divisor of 407694 and 317849.
119
What is the highest common factor of 5624 and 80542007?
703
Calculate the greatest common divisor of 13851947 and 1010972.
8153
Calculate the greatest common divisor of 82008297 and 504.
63
What is the highest common factor of 18627082 and 488?
122
Calculate the highest common factor of 10868462 and 11446.
194
Calculate the greatest common factor of 5254 and 4755438.
142
What is the greatest common divisor of 339817291 and 11?
11
What is the highest common divisor of 986 and 2031704?
34
What is the highest common divisor of 309150 and 125898246?
12366
What is the highest common divisor of 85544 and 9916168?
2312
What is the highest common factor of 86834117 and 3177?
353
Calculate the greatest common divisor of 1109176835 and 622.
311
Calculate the greatest common factor of 346 and 483404385.
173
What is the greatest common divisor of 5660 and 240?
20
Calculate the highest common factor of 952 and 1186906.
238
Calculate the greatest common factor of 4406811175 and 65.
65
What is the highest common factor of 721 and 357490?
7
What is the highest common factor of 2017349 and 2043?
227
What is the highest common divisor of 4184 and 43576?
8
What is the greatest common divisor of 145 and 163149215?
145
What is the highest common factor of 200 and 249060470?
10
What is the greatest common divisor of 1938 and 86464839?
969
What is the greatest common factor of 6375174 and 470?
94
Calculate the greatest common divisor of 9568 and 25324.
52
Calculate the highest common divisor of 2447215 and 113090.
1315
Calculate the highest common divisor of 20046 and 491712.
78
What is the greatest common divisor of 30477232 and 24?
8
What is the highest common factor of 6026 and 348358?
46
Calculate the greatest common divisor of 608844 and 5876.
452
Calculate the greatest common factor of 6 and 25734.
6
Calculate the highest common factor of 16599 and 100302224.
5533
What is the highest common divisor of 10675 and 10955?
35
What is the greatest common factor of 238 and 266107970?
34
Calculate the highest common divisor of 16 and 45311960.
8
What is the greatest common divisor of 1676101040 and 80?
80
Calculate the greatest common factor of 22 and 15724643.
11
Calculate the highest common factor of 8890 and 42210.
70
What is the highest common factor of 36 and 3502928?
4
What is the greatest common factor of 10096 and 118741580?
2524
What is the highest common divisor of 8 and 65504144?
8
What is the greatest common factor of 1566312 and 18497?
349
Calculate the highest common factor of 69186416 and 1040.
208
Calculate the highest common factor of 152817 and 2994677.
2681
Calculate the greatest common divisor of 2249650 and 41600.
650
Calculate the highest common divisor of 8909 and 2266298147.
8909
What is the highest common divisor of 63 and 2574915?
21
What is the highest common divisor of 3621 and 6579?
51
What is the highest common divisor of 140 and 2758630?
70
Calculate the highest common divisor of 2 and 41234000.
2
What is the highest common factor of 465503 and 112811?
97
What is the greatest common factor of 514607073 and 543?
543
Calculate the highest common divisor of 13 and 46897331.
13
Calculate the highest common divisor of 5498 and 85507645.
2749
What is the greatest common factor of 15120 and 28058940?
3780
What is the highest common factor of 184421779 and 1516?
379
Calculate the greatest common divisor of 42247 and 95183.
509
What is the highest common factor of 960253 and 343?
49
Calculate the greatest common factor of 19339476 and 624.
156
Calculate the greatest common divisor of 4128 and 9948.
12
What is the highest common factor of 11493125 and 